{"id":34,"date":"2009-08-05T16:18:22","date_gmt":"2009-08-05T16:18:22","guid":{"rendered":"http:\/\/montehorizonte.com\/PT\/?page_id=34"},"modified":"2021-08-15T19:22:14","modified_gmt":"2021-08-15T18:22:14","slug":"carnaval-de-sines","status":"publish","type":"page","link":"https:\/\/montehorizonte.com\/PT\/carnaval-de-sines\/","title":{"rendered":"Carnaval de Sines"},"content":{"rendered":"<p>&nbsp;<\/p>\n<p><span style=\"font-size: 12px;\"><span style=\"font-family: verdana,geneva,sans-serif;\"><strong>Informa\u00e7\u00f5es de f\u00e9rias sobre o Carnaval em Sines.<br \/>\n<\/strong><br \/>\nTodo ano, haver\u00e1 o Carnaval em Sines, na costa do Alentejo, em Portugal. Conhecida pelos seus desfiles coloridos e pela m\u00fasica brasileira.<\/span><\/span><\/p>\n<p>Fotos do Carnaval de Sines no dia 22 de fevereiro-2009.<\/p>\n<p><span style=\"font-size: 12px;\"><span style=\"font-family: verdana,geneva,sans-serif;\">( <a href=\"http:\/\/montehorizonte.com\/PT\/carnaval-de-sines-2012\/\" target=\"_blank\" rel=\"noopener\">http:\/\/montehorizonte.com\/PT\/carnaval-de-sines-2012\/<\/a> )<\/span><\/span><\/p>\n<div>\n<p style=\"text-align: center;\"><!-- 4) This is how you mark up the thumbnail image with an anchor tag around it. The anchor's href attribute defines the URL of the full-size image. --><a href=\"http:\/\/montehorizonte.com\/PT\/images\/Carnaval%20Sines%20(4).JPG\"><img loading=\"lazy\" decoding=\"async\" title=\"Clique para ampliar\" src=\"http:\/\/montehorizonte.com\/PT\/images\/TN\/Carnaval%20Sines%20(4).JPG\" alt=\"moradias\" width=\"120\" height=\"90\" border=\"0\" \/><\/a> <a href=\"http:\/\/montehorizonte.com\/PT\/images\/Carnaval%20Sines%20(5).JPG\"><img loading=\"lazy\" decoding=\"async\" title=\"Clique para ampliar\" src=\"http:\/\/montehorizonte.com\/PT\/images\/TN\/Carnaval%20Sines%20(5).JPG\" alt=\"piscina\" width=\"120\" height=\"90\" border=\"0\" \/><\/a> <a href=\"http:\/\/montehorizonte.com\/PT\/images\/Carnaval%20Sines%20(6).JPG\"><img loading=\"lazy\" decoding=\"async\" title=\"Clique para ampliar\" src=\"http:\/\/montehorizonte.com\/PT\/images\/TN\/Carnaval%20Sines%20(6).JPG\" alt=\"porto covo\" width=\"120\" height=\"90\" border=\"0\" \/><\/a> <a href=\"http:\/\/montehorizonte.com\/PT\/images\/Carnaval%20Sines%20(7).JPG\"><img loading=\"lazy\" decoding=\"async\" title=\"Clique para ampliar\" src=\"http:\/\/montehorizonte.com\/PT\/images\/TN\/Carnaval%20Sines%20(7).JPG\" alt=\"santiago do cacem\" width=\"120\" height=\"90\" border=\"0\" \/><\/a> <a href=\"http:\/\/montehorizonte.com\/PT\/images\/Carnaval%20Sines%20(8).JPG\"><img loading=\"lazy\" decoding=\"async\" title=\"Clique para ampliar\" src=\"http:\/\/montehorizonte.com\/PT\/images\/TN\/Carnaval%20Sines%20(8).JPG\" alt=\"casa rural\" width=\"120\" height=\"90\" border=\"0\" \/><\/a> <a href=\"http:\/\/montehorizonte.com\/PT\/images\/Carnaval%20Sines%20(10).JPG\"><img loading=\"lazy\" decoding=\"async\" title=\"Clique para ampliar\" src=\"http:\/\/montehorizonte.com\/PT\/images\/TN\/Carnaval%20Sines%20(10).JPG\" alt=\"disponivel\" width=\"120\" height=\"90\" border=\"0\" \/><\/a> <a href=\"http:\/\/montehorizonte.com\/PT\/images\/Carnaval%20Sines%20(11).JPG\"><img loading=\"lazy\" decoding=\"async\" title=\"Clique para ampliar\" src=\"http:\/\/montehorizonte.com\/PT\/images\/TN\/Carnaval%20Sines%20(11).JPG\" alt=\"alentejo\" width=\"120\" height=\"90\" border=\"0\" \/><\/a> <a href=\"http:\/\/montehorizonte.com\/PT\/images\/Carnaval%20Sines%20(12).JPG\"><img loading=\"lazy\" decoding=\"async\" title=\"Clique para ampliar\" src=\"http:\/\/montehorizonte.com\/PT\/images\/TN\/Carnaval%20Sines%20(12).JPG\" alt=\"portugal\" width=\"120\" height=\"90\" border=\"0\" \/><\/a> <a href=\"http:\/\/montehorizonte.com\/PT\/images\/Carnaval%20Sines%20(13).JPG\"><img loading=\"lazy\" decoding=\"async\" title=\"Clique para ampliar\" src=\"http:\/\/montehorizonte.com\/PT\/images\/TN\/Carnaval%20Sines%20(13).JPG\" alt=\"dormidas\" width=\"120\" height=\"90\" border=\"0\" \/><\/a> <a href=\"http:\/\/montehorizonte.com\/PT\/images\/Carnaval%20Sines.JPG\"><img loading=\"lazy\" decoding=\"async\" title=\"Clique para ampliar\" src=\"http:\/\/montehorizonte.com\/PT\/images\/TN\/Carnaval%20Sines.JPG\" alt=\"carnaval\" width=\"120\" height=\"90\" border=\"0\" \/><\/a> <!-- 5 (optional). This is how you mark up the caption. The id contains is referenced to in the second argument of hs.expand above. --><\/p>\n<div align=\"center\">\n<div align=\"center\"><\/div>\n<div align=\"center\">\n<div align=\"center\">\n<div align=\"center\">\n<div align=\"center\">\n<div>\n<p><span style=\"font-family: verdana,geneva,sans-serif;\">F\u00e9rias no Alentejo, Turismo Rural e Casas de Campo<\/span><\/p>\n<p>&nbsp;<\/p>\n<\/div>\n<\/div>\n<\/div>\n<\/div>\n<\/div>\n<\/div>\n<\/div>\n","protected":false},"excerpt":{"rendered":"<p>&nbsp; Informa\u00e7\u00f5es de f\u00e9rias sobre o Carnaval em Sines. Todo ano, haver\u00e1 o Carnaval em Sines, na costa do Alentejo, em Portugal. Conhecida pelos seus desfiles coloridos e pela m\u00fasica brasileira. Fotos do Carnaval de Sines no dia 22 de fevereiro-2009. ( http:\/\/montehorizonte.com\/PT\/carnaval-de-sines-2012\/ ) F\u00e9rias no Alentejo, Turismo Rural e Casas de Campo &nbsp;<\/p>\n","protected":false},"author":1,"featured_media":0,"parent":0,"menu_order":0,"comment_status":"closed","ping_status":"closed","template":"","meta":{"_monsterinsights_skip_tracking":false,"_monsterinsights_sitenote_active":false,"_monsterinsights_sitenote_note":"","_monsterinsights_sitenote_category":0,"footnotes":""},"class_list":["post-34","page","type-page","status-publish","hentry"],"aioseo_notices":[],"_links":{"self":[{"href":"https:\/\/montehorizonte.com\/PT\/wp-json\/wp\/v2\/pages\/34","targetHints":{"allow":["GET"]}}],"collection":[{"href":"https:\/\/montehorizonte.com\/PT\/wp-json\/wp\/v2\/pages"}],"about":[{"href":"https:\/\/montehorizonte.com\/PT\/wp-json\/wp\/v2\/types\/page"}],"author":[{"embeddable":true,"href":"https:\/\/montehorizonte.com\/PT\/wp-json\/wp\/v2\/users\/1"}],"replies":[{"embeddable":true,"href":"https:\/\/montehorizonte.com\/PT\/wp-json\/wp\/v2\/comments?post=34"}],"version-history":[{"count":18,"href":"https:\/\/montehorizonte.com\/PT\/wp-json\/wp\/v2\/pages\/34\/revisions"}],"predecessor-version":[{"id":3988,"href":"https:\/\/montehorizonte.com\/PT\/wp-json\/wp\/v2\/pages\/34\/revisions\/3988"}],"wp:attachment":[{"href":"https:\/\/montehorizonte.com\/PT\/wp-json\/wp\/v2\/media?parent=34"}],"curies":[{"name":"wp","href":"https:\/\/api.w.org\/{rel}","templated":true}]}}

<p>&nbsp;</p>
<p><span style="font-size: 12px;"><span style="font-family: verdana,geneva,sans-serif;"><strong>Informações de férias sobre o Carnaval em Sines.<br />
</strong><br />
Todo ano, haverá o Carnaval em Sines, na costa do Alentejo, em Portugal. Conhecida pelos seus desfiles coloridos e pela música brasileira.</span></span></p>
<p>Fotos do Carnaval de Sines no dia 22 de fevereiro-2009.</p>
<p><span style="font-size: 12px;"><span style="font-family: verdana,geneva,sans-serif;">( <a href="http://montehorizonte.com/PT/carnaval-de-sines-2012/" target="_blank" rel="noopener">http://montehorizonte.com/PT/carnaval-de-sines-2012/</a> )</span></span></p>
<div>
<p style="text-align: center;"><!-- 4) This is how you mark up the thumbnail image with an anchor tag around it. The anchor's href attribute defines the URL of the full-size image. --><a href="http://montehorizonte.com/PT/images/Carnaval%20Sines%20(4).JPG"><img loading="lazy" decoding="async" title="Clique para ampliar" src="http://montehorizonte.com/PT/images/TN/Carnaval%20Sines%20(4).JPG" alt="moradias" width="120" height="90" border="0" /></a> <a href="http://montehorizonte.com/PT/images/Carnaval%20Sines%20(5).JPG"><img loading="lazy" decoding="async" title="Clique para ampliar" src="http://montehorizonte.com/PT/images/TN/Carnaval%20Sines%20(5).JPG" alt="piscina" width="120" height="90" border="0" /></a> <a href="http://montehorizonte.com/PT/images/Carnaval%20Sines%20(6).JPG"><img loading="lazy" decoding="async" title="Clique para ampliar" src="http://montehorizonte.com/PT/images/TN/Carnaval%20Sines%20(6).JPG" alt="porto covo" width="120" height="90" border="0" /></a> <a href="http://montehorizonte.com/PT/images/Carnaval%20Sines%20(7).JPG"><img loading="lazy" decoding="async" title="Clique para ampliar" src="http://montehorizonte.com/PT/images/TN/Carnaval%20Sines%20(7).JPG" alt="santiago do cacem" width="120" height="90" border="0" /></a> <a href="http://montehorizonte.com/PT/images/Carnaval%20Sines%20(8).JPG"><img loading="lazy" decoding="async" title="Clique para ampliar" src="http://montehorizonte.com/PT/images/TN/Carnaval%20Sines%20(8).JPG" alt="casa rural" width="120" height="90" border="0" /></a> <a href="http://montehorizonte.com/PT/images/Carnaval%20Sines%20(10).JPG"><img loading="lazy" decoding="async" title="Clique para ampliar" src="http://montehorizonte.com/PT/images/TN/Carnaval%20Sines%20(10).JPG" alt="disponivel" width="120" height="90" border="0" /></a> <a href="http://montehorizonte.com/PT/images/Carnaval%20Sines%20(11).JPG"><img loading="lazy" decoding="async" title="Clique para ampliar" src="http://montehorizonte.com/PT/images/TN/Carnaval%20Sines%20(11).JPG" alt="alentejo" width="120" height="90" border="0" /></a> <a href="http://montehorizonte.com/PT/images/Carnaval%20Sines%20(12).JPG"><img loading="lazy" decoding="async" title="Clique para ampliar" src="http://montehorizonte.com/PT/images/TN/Carnaval%20Sines%20(12).JPG" alt="portugal" width="120" height="90" border="0" /></a> <a href="http://montehorizonte.com/PT/images/Carnaval%20Sines%20(13).JPG"><img loading="lazy" decoding="async" title="Clique para ampliar" src="http://montehorizonte.com/PT/images/TN/Carnaval%20Sines%20(13).JPG" alt="dormidas" width="120" height="90" border="0" /></a> <a href="http://montehorizonte.com/PT/images/Carnaval%20Sines.JPG"><img loading="lazy" decoding="async" title="Clique para ampliar" src="http://montehorizonte.com/PT/images/TN/Carnaval%20Sines.JPG" alt="carnaval" width="120" height="90" border="0" /></a> <!-- 5 (optional). This is how you mark up the caption. The id contains is referenced to in the second argument of hs.expand above. --></p>
<div align="center">
<div align="center"></div>
<div align="center">
<div align="center">
<div align="center">
<div align="center">
<div>
<p><span style="font-family: verdana,geneva,sans-serif;">Férias no Alentejo, Turismo Rural e Casas de Campo</span></p>
<p>&nbsp;</p>
</div>
</div>
</div>
</div>
</div>
</div>
</div>

<p>&nbsp; Informações de férias sobre o Carnaval em Sines. Todo ano, haverá o Carnaval em Sines, na costa do Alentejo, em Portugal. Conhecida pelos seus desfiles coloridos e pela música brasileira. Fotos do Carnaval de Sines no dia 22 de fevereiro-2009. ( http://montehorizonte.com/PT/carnaval-de-sines-2012/ ) Férias no Alentejo, Turismo Rural e Casas de Campo &nbsp;</p>
